 10032?
3221214
In base 3, what is -1212 - 20100102020110?
-20100102022022
In base 16, what is -158 - 802cb?
-80423
In base 16, what is -64b540 + 36?
-64b50a
In base 4, what is -10330300032 - -10200?
-10330223232
In base 13, what is -84757a + 50?
-84752a
In base 14, what is -90 + cd5d?
ccad
In base 5, what is -12 - 403004002?
-403004014
In base 3, what is -10 - 100122202111?
-100122202121
In base 5, what is -11104 + -21430?
-33034
In base 6, what is -1035105 - 30551?
-1110100
In base 10, what is 22 - 23392034?
-23392012
In base 15, what is -7 - 30ae3d6?
-30ae3dd
In base 10, what is 2967 - -1888?
4855
In base 16, what is 15a93e - 12?
15a92c
In base 10, what is -56 + -269913?
-269969
In base 13, what is -534713 - 8?
-53471b
In base 8, what is 130107740 - 2?
130107736
In base 2, what is -1111001000 - 1001000000000110?
-1001001111001110
In base 3, what is 1021012100211 - 10010?
1021012020201
In base 5, what is -13011 + 134241?
121230
In base 16, what is -5d + 2c33?
2bd6
In base 13, what is 10 + 31baa76?
31baa86
In base 8, what is 7315372 + 204?
7315576
In base 5, what is -102002 - 202443?
-310000
In base 2, what is 10000110100111100000100 - 10100?
10000110100111011110000
In base 6, what is 3122 + 122425?
125551
In base 4, what is 10313323202 - 102?
10313323100
In base 5, what is -111430110 - 4?
-111430114
In base 4, what is -13313202 + 1?
-13313201
In base 14, what is 5 - -23b548c?
23b5493
In base 3, what is 102221120102020 + 20?
102221120102110
In base 4, what is -12102030130 + 331?
-12102023133
In base 16, what is -a4d540 + -6?
-a4d546
In base 8, what is -323 - -123372?
123047
In base 9, what is 3 + -10071503?
-10071500
In base 6, what is -123415455 + 0?
-123415455
In base 11, what is 92426 + -109?
92318
In base 6, what is 2200402151 - -4?
2200402155
In base 14, what is -38d2025 - -3?
-38d2022
In base 12, what is 2933a4b3 - -3?
2933a4b6
In base 12, what is 6028701 + 5?
6028706
In base 13, what is a29ba88 - -a?
a29ba95
In base 5, what is 230424344210 - 3?
230424344202
In base 9, what is 274365 - 73?
274282
In base 6, what is -11324221 - -14?
-11324203
In base 16, what is 38 - -3191b?
31953
In base 15, what is -8c07 - 17ab?
-a4b3
In base 3, what is -221202000022 - -11?
-221202000011
In base 9, what is 5410 - -4845?
11355
In base 7, what is -12315 + -1436?
-14054
In base 14, what is -5968 - 3ba?
-5d44
In base 11, what is -3 + -7a04603?
-7a04606
In base 3, what is -22101 - -122002110101?
122002011000
In base 13, what is -b29a27 - 4?
-b29a2b
In base 15, what is 0 + -64a70b4?
-64a70b4
In base 5, what is -12 - -343023104?
343023042
In base 7, what is -2 + 1521240?
1521235
In base 11, what is -161609 + 4a?
-16156a
In base 13, what is -43614 + -2222?
-45836
In base 5, what is -2 - 4111200120?
-4111200122
In base 16, what is 1e - -37c2e2?
37c300
In base 5, what is 130001111111 + 10?
130001111121
In base 7, what is 11552343 - 3?
11552340
In base 13, what is 3 - 3aac23b?
-3aac238
In base 4, what is 1020 - 1013311223202?
-1013311222122
In base 13, what is -c291a + 3?
-c2917
In base 14, what is -16472bd + 1?
-16472bc
In base 15, what is 5ada90 + 3?
5ada93
In base 9, what is 55038 + 4177?
60226
In base 14, what is 40d27a9 - 8?
40d27a1
In base 9, what is 458 - 46366?
-45807
In base 6, what is -1421 - 35010342?
-35012203
In base 16, what is 4 + 687179?
68717d
In base 6, what is 552251 + 3252?
555543
In base 8, what is 332051324 - -1?
332051325
In base 11, what is -1533 + 7308?
5885
In base 7, what is -44643 + 63460?
15514
In base 10, what is -1187 - -14611?
13424
In base 15, what is -30e + -10e4a?
-11259
In base 6, what is -552 + -12421023?
-12422015
In base 3, what is -22200 + 1221122110000?
1221122010100
In base 3, what is 102210200011220221 - 2?
102210200011220212
In base 10, what is 630340 - -268?
630608
In base 15, what is -b75247 + -24?
-b7526b
In base 9, what is 85 - -4620401?
4620486
In base 12, what is -42137601 - 11?
-42137612
In base 16, what is 1390 + -65b?
d35
In base 6, what is 5135 + -13055233?
-13050054
In base 13, what is 9aa + 32a8a?
33767
In base 9, what is 28686477 - -2?
28686480
In base 16, what is -1b7e03 - -11?
-1b7df2
In base 4, what is 133022232332 - 210?
133022232122
In base 5, what is 2143 - 134332112?
-134324414
In base 11, what is -14951 + 3a867?
25a16
In base 9, what is 2062 + -117853?
-115781
In base 15, what is 2 + 1c0be5?
1c0be7
In base 4, what is 23121003203103 - 2?
23121003203101
In base 13, what is 118 + -1299?
-1181
In base 12, what is 39478 - 7368?
32110
In base 12, what is -132 - -726424?
7262b2
In base 9, what is -1576 + -1788784?
-1801471
In base 2, what is 111001 - -110111000011100001101?
110111000011101000110
In base 12, what is -90 + 13a771?
13a6a1
In base 4, what is -1113203203110 - -111?
-1113203202333
In base 3, what is -10022100021 + -10010?
-10022110101
In base 13, what is 5 + 7c6c706?
7c6c70b
In base 7, what is 254623261 + 32?
254623323
In base 8, what is 604 + 3327?
4133
In base 5, what is 202214 - -4241?
212010
In base 6, what is 4 - 403144505?
-403144501
In base 8, what is -174 - -3033113?
3032717
In base 5, what is -11144 - -1024102?
1012403
In base 11, what is 1298 - 67591?
-662a4
In base 16, what is 9f3252 + 16?
9f3268
In base 5, what is -4 - 103024024010?
-103024024014
In base 10, what is -28028165 + -5?
-28028170
In base 7, what is 40640420 - -1?
40640421
In base 11, what is 49 - -818?
866
In base 5, what is 10 - -21324134?
21324144
In base 13, what is -a0ab1 + 168?
-a0946
In base 16, what is -ff79c1 - 2?
-ff79c3
In base 15, what is bc9 + -1202?
-528
In base 8, what is 256351 + 0?
256351
In base 9, what is -5176714 + 4?
-5176710
In base 8, what is 37472 + -102562?
-43070
In base 15, what is 0 + -1bc24a0?
-1bc24a0
In base 14, what is -8c + -10582?
-10630
In base 14, what is 1491d + aa4?
155c3
In base 10, what is -6787706 - 138?
-6787844
In base 10, what is 3237 - 10767?
-7530
In base 15, what is 5 + 82b1d8?
82b1dd
In base 15, what is 35c9 - 14279?
-10ba0
In base 16, what is 2 + 1fef179?
1fef17b
In base 14, what is -112a66c + 35?
-112a637
In base 11, what is -1133a5a - 5?
-1133a64
In base 15, what is a9d6 - 198e?
9047
In base 16, what is -105 - 2d95?
-2e9a
In base 9, what is -8 + 2666310?
2666301
In base 15, what is 5e2d7 + -e0?
5e1e7
In base 13, what is -27bb3a - 2?
-27bb3c
In base 3, what is -10 - 101112220102010?
-101112220102020
In base 14, what is -757cb + -99?
-75886
In base 9, what is -2 + 552182?
552180
In base 4, what is -11222223 + 131113?
-11031110
In base 3, what is -10012221112 - -1222120?
-10010221222
In base 12, what is -37 + -1357946?
-1357981
In base 14, what is -bb99dc - 8?
-bb9a06
In base 7, what is -130 - 505624?
-506054
In base 10, what is 7 + -126600?
-126593
In base 5, what is -104441 + -42141?
-202132
In base 2, what is 0 - 110100010000100111110001?
-110100010000100111110001
In base 12, what is -12a4 - -44b15?
43831
In base 14, what is -306 - -194079?
193b73
In base 6, what is 345312250 + 4?
345312254
In base 6, what is 10224 - 342413?
-332145
In base 7, what is -221233225 + 2?
-221233223
In base 14, what is 115 + 6317d?
63294
In base 7, what is 1662 + 626?
2621
In base 10, what is -18588846 - -3?
-18588843
In base 6, what is -2554 + 3145412?
3142414
In base 2, what is 1010 - 11000100001011100011000?
-11000100001011100001110
In base 4, what is -3 + -21130312203?
-21130312212
In base 16, what is -4 + 1aa6777c?
1aa67778
In base 16, what is b7 + -f286?
-f1cf
In base 10, what is 6 + 1554947?
1554953
In base 11, what is 7008 + -1646?
5472
In base 7, what is -210616326 + 20?
-210616306
In base 5, what is 2041310 + 313?
2042123
In base 11, what is -14 - -2a486a?
2a4856
In base 5, what is -101444134 + 33?
-101444101
In base 5, what is 4 + 1334104034?
1334104043
In base 9, what is -30662838 + 5?
-30662833
In base 4, what is -1003 - -23302301?
23301232
In base 7, what is 16 + -62425?
-62406
In base 9, what is -17466 - 773?
-18350
In base 10, what is 344 + 1328747?
1329091
In base 5, what is 12 - 11302333110?
-11302333043
In base 11, what is 711 + -45855?
-45144
In base 14, what is -264ddab - -1?
-264ddaa
In base 3, what is 100010200000111120 + 0?
100010200000111120
In base 11, what is -242 + 42992a?
429698
In base 4, what is 2100312 + -12023?
2022223
In base 9, what is 4285 + -28748?
-244